{"id":5289,"date":"2026-04-04T11:26:31","date_gmt":"2026-04-04T11:26:31","guid":{"rendered":"https:\/\/porozumienie.olsztyn.pl\/?page_id=5289"},"modified":"2026-04-04T20:10:48","modified_gmt":"2026-04-04T20:10:48","slug":"cyfrowe-prawo-jazdy","status":"publish","type":"page","link":"https:\/\/porozumienie.olsztyn.pl\/index.php\/cyfrowe-prawo-jazdy\/","title":{"rendered":"Cyfrowe Prawo Jazdy"},"content":{"rendered":"<div><img fetchpriority=\"high\" decoding=\"async\" class=\"wp-image-5343 aligncenter\" src=\"http:\/\/porozumienie.olsztyn.pl\/wp-content\/uploads\/2026\/04\/Podzakladka-1-Ogolne-300x212.jpg\" alt=\"\" width=\"723\" height=\"511\" srcset=\"https:\/\/porozumienie.olsztyn.pl\/wp-content\/uploads\/2026\/04\/Podzakladka-1-Ogolne-300x212.jpg 300w, https:\/\/porozumienie.olsztyn.pl\/wp-content\/uploads\/2026\/04\/Podzakladka-1-Ogolne-1024x724.jpg 1024w, https:\/\/porozumienie.olsztyn.pl\/wp-content\/uploads\/2026\/04\/Podzakladka-1-Ogolne-768x543.jpg 768w, https:\/\/porozumienie.olsztyn.pl\/wp-content\/uploads\/2026\/04\/Podzakladka-1-Ogolne-1536x1086.jpg 1536w, https:\/\/porozumienie.olsztyn.pl\/wp-content\/uploads\/2026\/04\/Podzakladka-1-Ogolne-2048x1449.jpg 2048w, https:\/\/porozumienie.olsztyn.pl\/wp-content\/uploads\/2026\/04\/Podzakladka-1-Ogolne-600x424.jpg 600w\" sizes=\"(max-width: 723px) 100vw, 723px\" \/><\/div>\n<div><b>Tytu\u0142 projektu: <\/b><b data-start=\"230\" data-end=\"253\">Cyfrowe Prawo Jazdy<\/b><\/div>\n<div>\n<hr data-start=\"255\" data-end=\"258\" \/>\n<\/div>\n<h3 data-section-id=\"1r00frg\" data-start=\"260\" data-end=\"293\">Informacja o dofinansowaniu<\/h3>\n<p data-start=\"294\" data-end=\"568\">Projekt realizowany przez O\u015brodek Mediacji i Pomocy Psychologiczno-Pedagogicznej \u201ePorozumienie\u201d Izabela Krzyszycha jest wsp\u00f3\u0142finansowany ze \u015brodk\u00f3w Unii Europejskiej w ramach programu Fundusze Europejskie dla Warmii i Mazur 2021\u20132027.<\/p>\n<div>\n<hr data-start=\"639\" data-end=\"642\" \/>\n<\/div>\n<h3 data-section-id=\"sqitme\" data-start=\"644\" data-end=\"684\"><b>Co b\u0119dzie realizowane w projekcie?<br \/>\n<\/b><\/h3>\n<p data-start=\"685\" data-end=\"840\">W ramach projektu zostan\u0105 przeprowadzone kompleksowe dzia\u0142ania wspieraj\u0105ce rozw\u00f3j kompetencji podstawowych, w szczeg\u00f3lno\u015bci cyfrowych i proekologicznych:<\/p>\n<ul data-start=\"841\" data-end=\"1175\">\n<li data-section-id=\"u5zfxo\" data-start=\"841\" data-end=\"918\">diagnoza umiej\u0119tno\u015bci i potrzeb uczestnik\u00f3w (Indywidualny Plan Wsparcia),<\/li>\n<li data-section-id=\"x6ctz\" data-start=\"919\" data-end=\"1015\">szkolenia \u201eAktywni w sieci \u2013 cyfrowe, proekologiczne i innowacyjne kompetencje na co dzie\u0144\u201d &#8211; 24 godziny szkolenia,<\/li>\n<li data-section-id=\"1pekn3t\" data-start=\"1016\" data-end=\"1067\">walidacja i potwierdzenie nabytych kompetencji,<\/li>\n<li data-section-id=\"1l6v8hk\" data-start=\"1068\" data-end=\"1175\">wsparcie towarzysz\u0105ce (materia\u0142y, opieka edukacyjna, dost\u0119pno\u015b\u0107).<\/li>\n<\/ul>\n<div>\n<hr data-start=\"1177\" data-end=\"1180\" \/>\n<\/div>\n<h3 data-section-id=\"zo2c83\" data-start=\"1182\" data-end=\"1220\"><b>Do kogo skierowany jest projekt?<br \/>\n<\/b><\/h3>\n<p data-start=\"1221\" data-end=\"1332\">Wsparcie otrzyma 160 uczestnik\u00f3w (100K\/60M), kt\u00f3rzy z w\u0142asnej inicjatywy chc\u0105 podnie\u015b\u0107 kompetencje cyfrowe i kompetencje zielone. Rekrutacja b\u0119dzie prowadzona w czterech lokalizacjach: gmina G\u00f3rowo I\u0142aweckie \u2013 50 os\u00f3b, gmina Jonkowo \u2013 30 os\u00f3b, gmina Dywity 40 os\u00f3b, gmina Olsztyn 40 os\u00f3b.<\/p>\n<div>Projekt zak\u0142ada, \u017ce 100% grupy docelowej stanowi\u0105:<\/div>\n<div>a) osoby w wieku 50+ i \/lub<\/div>\n<div>b) osoby z niepe\u0142nosprawno\u015bciami i \/lub<\/div>\n<div>c) osoby zamieszkuj\u0105ce powiaty pogranicza.<\/div>\n<div>Grup\u0105 docelow\u0105 s\u0105 osoby doros\u0142e (25+):<\/div>\n<div>1. o niskich umiej\u0119tno\u015bciach podstawowych (umiej\u0119tno\u015bci cyfrowych),<\/div>\n<div>2. ucz\u0105ce si\u0119, pracuj\u0105ce lub zamieszkuj\u0105ce \u2013 w rozumieniu Kodeksu cywilnego \u2013 na obszarze wojew\u00f3dztwa warmi\u0144sko mazurskiego,<\/div>\n<div>3. kt\u00f3re z w\u0142asnej inicjatywy chc\u0105 podnosi\u0107 i uzupe\u0142nia\u0107 umiej\u0119tno\u015bci oraz kompetencje podstawowe, ze szczeg\u00f3lnym uwzgl\u0119dnieniem cyfrowych.<\/div>\n<div>\n<hr data-start=\"1526\" data-end=\"1529\" \/>\n<\/div>\n<h3 data-section-id=\"1oewuis\" data-start=\"1531\" data-end=\"1549\"><b>Cel projektu<br \/>\n<\/b><\/h3>\n<p data-start=\"1550\" data-end=\"1819\">Podniesienie umiej\u0119tno\u015bci podstawowych, w tym cyfrowych i proekologicznych u 160 os\u00f3b doros\u0142ych (100K\/60M) w wieku 25+ z wojew\u00f3dztwa warmi\u0144sko-mazurskiego, w tym os\u00f3b 50+, z niepe\u0142nosprawno\u015bciami i z powiat\u00f3w pogranicza, poprzez realizacj\u0119 szkole\u0144 z zakresu umiej\u0119tno\u015bci podstawowych, w tym cyfrowych i proekologicznych w okresie 1 marca 2026 do 31 grudnia 2026.<\/p>\n<div>Efektem projektu b\u0119dzie wzrost zatrudnialno\u015bci, aktywno\u015bci spo\u0142ecznej, umiej\u0119tno\u015bci korzystania z e-us\u0142ug oraz \u015bwiadomo\u015bci ekologicznej uczestnik\u00f3w.<\/div>\n<div>\n<hr data-start=\"1821\" data-end=\"1824\" \/>\n<\/div>\n<h3 data-section-id=\"14dext7\" data-start=\"1826\" data-end=\"1859\"><b>Efekty i rezultaty projektu<br \/>\n<\/b><\/h3>\n<ul data-start=\"1860\" data-end=\"2158\">\n<li data-section-id=\"13q16kg\" data-start=\"1860\" data-end=\"1909\">160 os\u00f3b podniesie swoje kompetencje cyfrowe,<\/li>\n<li data-section-id=\"1xclklo\" data-start=\"1910\" data-end=\"1985\">160 os\u00f3b uzyska kwalifikacje lub kompetencje potwierdzone certyfikatem,<\/li>\n<li data-section-id=\"16gfxfh\" data-start=\"1986\" data-end=\"2045\">zwi\u0119kszenie wykorzystania e-us\u0142ug i narz\u0119dzi cyfrowych,<\/li>\n<li data-section-id=\"17sh9ce\" data-start=\"2046\" data-end=\"2158\">rozw\u00f3j postaw proekologicznych i \u015bwiadomego korzystania z technologii.<\/li>\n<\/ul>\n<div>\n<hr data-start=\"2160\" data-end=\"2163\" \/>\n<\/div>\n<h3 data-section-id=\"jxn3v1\" data-start=\"2165\" data-end=\"2187\">Warto\u015b\u0107 projektu<\/h3>\n<p data-start=\"2188\" data-end=\"2241\">672 531,25 z\u0142<\/p>\n<h3 data-section-id=\"1b70j3f\" data-start=\"2243\" data-end=\"2296\">Wysoko\u015b\u0107 dofinansowania<\/h3>\n<p data-start=\"2297\" data-end=\"2350\">638 904,25 z\u0142<\/p>\n<div class=\"gwpbf1eea43_font-weight-bold gwpbf1eea43_pb-1\">Dofinansowanie UE<\/div>\n<div class=\"gwpbf1eea43_sl-label__content-container\">571 651,56<\/div>\n<div>\n<hr data-start=\"2352\" data-end=\"2355\" \/>\n<\/div>\n<p data-start=\"2372\" data-end=\"2406\">#FunduszeUE #FunduszeEuropejskie<\/p>\n<div class=\"gwpbf1eea43_empty_line\">\n<div class=\"gwpbf1eea43_empty_line\"><\/div>\n<div class=\"gwpbf1eea43_empty_line\"><b>Osoby do kontaktu ws. projektu: <\/b><b><br \/>\n<\/b><\/div>\n<div class=\"gwpbf1eea43_empty_line\"><b>Ma\u0142gorzata Chmielewska 784 661 377<\/b><\/div>\n<div class=\"gwpbf1eea43_empty_line\"><b>Katarzyna \u017buk 739 001 733<\/b><\/div>\n<div class=\"gwpbf1eea43_empty_line\"><b>Izabela Krzyszycha 600 483 146<\/b><\/div>\n<\/div>\n<div><\/div>\n<div class=\"gwpbf1eea43_empty_line\">\n<div class=\"gwpbf1eea43_empty_line\" style=\"text-align: center;\"><\/div>\n<div class=\"gwpbf1eea43_empty_line\" style=\"text-align: center;\"><strong>DO POBRANIA:<\/strong><\/div>\n<div style=\"text-align: center;\"><a href=\"http:\/\/porozumienie.olsztyn.pl\/wp-content\/uploads\/2026\/04\/0.-Formularz-rekrutacyjny-wraz-z-kaluzula-informacyjna-i-testem-wydruk-100-sztuk-czarno-bialy-dokumenty-spiete.pdf\">Formularz rekrutacyjny wraz z kaluzula\u0328 informacyjna\u0328 i testem<\/a><\/div>\n<div style=\"text-align: center;\"><a href=\"http:\/\/porozumienie.olsztyn.pl\/wp-content\/uploads\/2026\/04\/Regulamin-projektu-Cyfrowe-Prawo-Jazdy_16_03_2026.pdf\">Regulamin projektu<\/a><\/div>\n<div>\n<hr \/>\n<\/div>\n<div><img decoding=\"async\" class=\"wp-image-5337 aligncenter\" src=\"http:\/\/porozumienie.olsztyn.pl\/wp-content\/uploads\/2026\/04\/zestawienie-znakow-kolorowe-300x35.jpg\" alt=\"\" width=\"891\" height=\"104\" srcset=\"https:\/\/porozumienie.olsztyn.pl\/wp-content\/uploads\/2026\/04\/zestawienie-znakow-kolorowe-300x35.jpg 300w, https:\/\/porozumienie.olsztyn.pl\/wp-content\/uploads\/2026\/04\/zestawienie-znakow-kolorowe-1024x120.jpg 1024w, https:\/\/porozumienie.olsztyn.pl\/wp-content\/uploads\/2026\/04\/zestawienie-znakow-kolorowe-768x90.jpg 768w, https:\/\/porozumienie.olsztyn.pl\/wp-content\/uploads\/2026\/04\/zestawienie-znakow-kolorowe-1536x181.jpg 1536w, https:\/\/porozumienie.olsztyn.pl\/wp-content\/uploads\/2026\/04\/zestawienie-znakow-kolorowe-2048x241.jpg 2048w, https:\/\/porozumienie.olsztyn.pl\/wp-content\/uploads\/2026\/04\/zestawienie-znakow-kolorowe-600x71.jpg 600w\" sizes=\"(max-width: 891px) 100vw, 891px\" \/><\/div>\n<\/div>\n","protected":false},"excerpt":{"rendered":"<p>Tytu\u0142 projektu: Cyfrowe Prawo Jazdy Informacja o dofinansowaniu Projekt realizowany przez O\u015brodek Mediacji i Pomocy Psychologiczno-Pedagogicznej \u201ePorozumienie\u201d Izabela Krzyszycha jest&#8230;<\/p>\n","protected":false},"author":2,"featured_media":0,"parent":0,"menu_order":0,"comment_status":"closed","ping_status":"closed","template":"","meta":{"footnotes":""},"class_list":["post-5289","page","type-page","status-publish","hentry"],"_links":{"self":[{"href":"https:\/\/porozumienie.olsztyn.pl\/index.php\/wp-json\/wp\/v2\/pages\/5289","targetHints":{"allow":["GET"]}}],"collection":[{"href":"https:\/\/porozumienie.olsztyn.pl\/index.php\/wp-json\/wp\/v2\/pages"}],"about":[{"href":"https:\/\/porozumienie.olsztyn.pl\/index.php\/wp-json\/wp\/v2\/types\/page"}],"author":[{"embeddable":true,"href":"https:\/\/porozumienie.olsztyn.pl\/index.php\/wp-json\/wp\/v2\/users\/2"}],"replies":[{"embeddable":true,"href":"https:\/\/porozumienie.olsztyn.pl\/index.php\/wp-json\/wp\/v2\/comments?post=5289"}],"version-history":[{"count":14,"href":"https:\/\/porozumienie.olsztyn.pl\/index.php\/wp-json\/wp\/v2\/pages\/5289\/revisions"}],"predecessor-version":[{"id":5377,"href":"https:\/\/porozumienie.olsztyn.pl\/index.php\/wp-json\/wp\/v2\/pages\/5289\/revisions\/5377"}],"wp:attachment":[{"href":"https:\/\/porozumienie.olsztyn.pl\/index.php\/wp-json\/wp\/v2\/media?parent=5289"}],"curies":[{"name":"wp","href":"https:\/\/api.w.org\/{rel}","templated":true}]}}