{"id":4907,"date":"2025-04-03T07:36:06","date_gmt":"2025-04-03T07:36:06","guid":{"rendered":"https:\/\/porozumienie.olsztyn.pl\/?page_id=4907"},"modified":"2025-05-14T10:53:24","modified_gmt":"2025-05-14T10:53:24","slug":"harmonogram","status":"publish","type":"page","link":"http:\/\/porozumienie.olsztyn.pl\/index.php\/harmonogram\/","title":{"rendered":"Harmonogram"},"content":{"rendered":"\n<figure class=\"wp-block-image size-large\"><img fetchpriority=\"high\" decoding=\"async\" width=\"1024\" height=\"120\" src=\"http:\/\/porozumienie.olsztyn.pl\/wp-content\/uploads\/2025\/05\/zestawienie-znakow-kolorowe-1024x120.jpg\" alt=\"\" class=\"wp-image-4917\" srcset=\"http:\/\/porozumienie.olsztyn.pl\/wp-content\/uploads\/2025\/05\/zestawienie-znakow-kolorowe-1024x120.jpg 1024w, http:\/\/porozumienie.olsztyn.pl\/wp-content\/uploads\/2025\/05\/zestawienie-znakow-kolorowe-scaled-600x71.jpg 600w, http:\/\/porozumienie.olsztyn.pl\/wp-content\/uploads\/2025\/05\/zestawienie-znakow-kolorowe-300x35.jpg 300w, http:\/\/porozumienie.olsztyn.pl\/wp-content\/uploads\/2025\/05\/zestawienie-znakow-kolorowe-768x90.jpg 768w, http:\/\/porozumienie.olsztyn.pl\/wp-content\/uploads\/2025\/05\/zestawienie-znakow-kolorowe-1536x181.jpg 1536w, http:\/\/porozumienie.olsztyn.pl\/wp-content\/uploads\/2025\/05\/zestawienie-znakow-kolorowe-2048x241.jpg 2048w\" sizes=\"(max-width: 1024px) 100vw, 1024px\" \/><\/figure>\n\n\n\n<p>Miejsce kurs\u00f3w: ZSE w Olsztynie<\/p>\n\n\n\n<p>Kurs Kelner &#8211; barman z elementami sommeliera i baristy dla 13 uczni\u00f3w&nbsp; &#8211; 100 h<br>1 GRUPA sala 15a\/15b<br>Trener: Bianka Pietrzyk<br>15 marca 2025 Sobota 08:00- 16:00 w tym przerwa kawowa i obiadowa<br>16 marca 2025 Niedziela 08:00- 16:00 w tym przerwa kawowa i obiadowa<br>22 marca 2025 Sobota 08:00- 16:00 w tym przerwa kawowa i obiadowa<br>23 marca 2025 Niedziela 08:00- 16:00 w tym przerwa kawowa i obiadowa<br>29 marca 2025 Sobota 08:00- 16:00 w tym przerwa kawowa i obiadowa<br>30 marca&nbsp; Niedziela 08:00- 16:00 w tym przerwa kawowa i obiadowa<br>3 kwietnia czwartek w godzinach 13.00-19:00 &#8211; bursa sala SB1<br>5 kwietnia 2025 Sobota 08:00- 16:00 w tym przerwa kawowa i obiadowa<br>6 kwietnia 08:00- 16:00 w tym przerwa kawowa i obiadowa<br>10 kwietnia 2025 czwartek w godzinach 13.00-19:00 &#8211; bursa sala SB1<br>24 kwietnia 2025 czwartek w godzinach 13.00- 17:00 + Egzamin &#8211; bursa sala SB1&nbsp;&nbsp;&nbsp;&nbsp;&nbsp;&nbsp;&nbsp;&nbsp;&nbsp;&nbsp;&nbsp;&nbsp;&nbsp;&nbsp;&nbsp;&nbsp;&nbsp;&nbsp;&nbsp;&nbsp;&nbsp;<br>EGZAMIN &#8211; w poniedzia\u0142ek ustalenia ws. daty i formu\u0142y egzaminu<\/p>\n\n\n\n<p>Kurs Kelner &#8211; barman z elementami sommeliera i baristy dla 7 uczni\u00f3w&nbsp; &#8211; 100 h<br>2 GRUPA sala 15a\/15b<br>Barman Trener: Pawe\u0142 D\u0105bkowski<br>05 kwietnia 2025 08:00- 16:00 w tym przerwa kawowa i obiadowa<br>06 kwietnia 2025 08:00- 16:00 w tym przerwa kawowa i obiadowa<br>12 kwietnia 2025&nbsp; 10:00- 18:00 w tym przerwa kawowa i obiadowa<br>13 kwietnia 2025 10:00- 18:00 w tym przerwa kawowa i obiadowa<br>Kelner&nbsp; Trener: Pawe\u0142 D\u0105bkowski<br>26 kwietnia 2025 08:00- 16:00 w tym przerwa kawowa i obiadowa<br>27 kwietnia 2025 08:00- 16:00 w tym przerwa kawowa i obiadowa<br>Sommelier&nbsp; Trener: Pawe\u0142 D\u0105bkowski<br>10 maj 2025 08:00- 16:00 w tym przerwa kawowa i obiadowa<br>11 maj 2025 08:00- 16:00 w tym przerwa kawowa i obiadowa<br>Barista&nbsp; Trener Bianka Pietrzyk<br>24 maj 2025 08:00- 17:00 w tym przerwa kawowa i obiadowa<br>25 maj 2025 08:00- 15:00 w tym przerwa kawowa i obiadowa + EGZAMIN<\/p>\n\n\n\n<p>Kurs Kelner &#8211; barman z elementami sommeliera i baristy dla 7 nauczycieli 60h<br>5 maj 2025 Poniedzia\u0142ek 08:00 &#8211; 17.00&nbsp; (12h, w tym przerwa kawowa i obiadowa)<br>6 maj 2025 Wtorek 08:00 &#8211; 17.00&nbsp; (12h, w tym przerwa kawowa i obiadowa)<br>9 maj 2025 Pi\u0105tek 08:00 &#8211; 17.00&nbsp; (12h, w tym przerwa kawowa i obiadowa)<br>10 maj 2025 Sobota 08:00 &#8211; 17.00&nbsp; (12h, w tym przerwa kawowa i obiadowa)<br>11 maj 2025&nbsp; Niedziela 08:00 &#8211; 17.00&nbsp; (12h, w tym przerwa kawowa i obiadowa) + Egzamin<\/p>\n\n\n\n<p>Kurs Ksi\u0119gowo\u015b\u0107 z Oprogramowaniem Symfonia i Enova dla 11 uczni\u00f3w &#8211; sala 35<br>Prowadz\u0105ca: Agata Pieciul<br>1 grupa uczniowie (80h) &#8211; Soboty i Niedziele<br>15 marzec 2025 Sobota 09:00-17:00 (w tym przerwa kawowa i obiadowa)<br>16 marzec 2025 Niedziela 09:00-17:00 (w tym przerwa kawowa i obiadowa)<br>22 marzec 2025 Sobota 09:00-17:00 (w tym przerwa kawowa i obiadowa)<br>23 marzec 2025 Niedziela 09:00-17:00 (w tym przerwa kawowa i obiadowa)<br>29 marzec 2025 Sobota 09:00-17:00 (w tym przerwa kawowa i obiadowa)<br>30 marzec 2025 Niedziela 09:00-17:00 (w tym przerwa kawowa i obiadowa)<br>05 kwiecie\u0144 2025 Sobota 09:00-17:00 (w tym przerwa kawowa i obiadowa)<br>06 kwiecie\u0144 2025 Niedziela 09:00-17:00 (w tym przerwa kawowa i obiadowa) + Egzamin<br>Ka\u017cdy dzie\u0144 po 10 h dydaktycznych = 80 godzin<\/p>\n\n\n\n<p>Kurs Ksi\u0119gowo\u015b\u0107 z Oprogramowaniem Symfonia i Enova dla 9 uczni\u00f3w &#8211; sala 35<br>Prowadz\u0105ca: Agata Pieciul<br>2 grupa uczniowie (80 h) &#8211; Soboty i Niedziele<br>12 kwiecie\u0144 2025 &#8211; 09:00-17:00 (w tym przerwa kawowa i obiadowa)<br>13 kwiecie\u0144 2025 &#8211; 09:00-17:00 (w tym przerwa kawowa i obiadowa)<br>26 kwiecie\u0144 2025 &#8211; 09:00-17:00 (w tym przerwa kawowa i obiadowa)<br>27 kwiecie\u0144 2025 &#8211; 09:00-17:00 (w tym przerwa kawowa i obiadowa)<br>17 maj 2025 &#8211; 09:00-17:00 (w tym przerwa kawowa i obiadowa)<br>18 maj 2025 &#8211; 09:00-17:00 (w tym przerwa kawowa i obiadowa)<br>24 maj 2025&nbsp; &#8211; 09:00-17:00 (w tym przerwa kawowa i obiadowa)<br>25 maj 2025 &#8211; 09:00-17:00 (w tym przerwa kawowa i obiadowa) + Egzamin<br>Ka\u017cdy dzie\u0144 po 10 h dydaktycznych = 80 godzin<\/p>\n\n\n\n<p>Kurs Ksi\u0119gowo\u015b\u0107 z Oprogramowaniem Symfonia i Enova dla 7 nauczycieli &#8211; sala 35<br>Prowadz\u0105ca: Agata Pieciul<br>Grupa nauczyciele ( 40h)<br>5 maj 2025 Poniedzia\u0142ek &#8211; 09:00-17:00 (w tym przerwa kawowa i obiadowa)<br>6 maj 2025 Wtorek &#8211; 09:00-17:00 (w tym przerwa kawowa i obiadowa)<br>9 maj 2025 Pi\u0105tek &#8211; 09:00-17:00 (w tym przerwa kawowa i obiadowa)<br>10 maj 2025 Sobota &#8211; 09:00-17:00 (w tym przerwa kawowa i obiadowa) + Egzamin<br>Ka\u017cdy dzie\u0144 po 10 h dydaktycznych = 40 godzin<\/p>\n","protected":false},"excerpt":{"rendered":"<p>Miejsce kurs\u00f3w: ZSE w Olsztynie Kurs Kelner &#8211; barman z elementami sommeliera i baristy dla 13 uczni\u00f3w&nbsp; &#8211; 100 h1&#8230;<\/p>\n","protected":false},"author":2,"featured_media":0,"parent":0,"menu_order":0,"comment_status":"closed","ping_status":"closed","template":"","meta":{"footnotes":""},"class_list":["post-4907","page","type-page","status-publish","hentry"],"_links":{"self":[{"href":"http:\/\/porozumienie.olsztyn.pl\/index.php\/wp-json\/wp\/v2\/pages\/4907","targetHints":{"allow":["GET"]}}],"collection":[{"href":"http:\/\/porozumienie.olsztyn.pl\/index.php\/wp-json\/wp\/v2\/pages"}],"about":[{"href":"http:\/\/porozumienie.olsztyn.pl\/index.php\/wp-json\/wp\/v2\/types\/page"}],"author":[{"embeddable":true,"href":"http:\/\/porozumienie.olsztyn.pl\/index.php\/wp-json\/wp\/v2\/users\/2"}],"replies":[{"embeddable":true,"href":"http:\/\/porozumienie.olsztyn.pl\/index.php\/wp-json\/wp\/v2\/comments?post=4907"}],"version-history":[{"count":4,"href":"http:\/\/porozumienie.olsztyn.pl\/index.php\/wp-json\/wp\/v2\/pages\/4907\/revisions"}],"predecessor-version":[{"id":4919,"href":"http:\/\/porozumienie.olsztyn.pl\/index.php\/wp-json\/wp\/v2\/pages\/4907\/revisions\/4919"}],"wp:attachment":[{"href":"http:\/\/porozumienie.olsztyn.pl\/index.php\/wp-json\/wp\/v2\/media?parent=4907"}],"curies":[{"name":"wp","href":"https:\/\/api.w.org\/{rel}","templated":true}]}}